2, 5, 2207
Let v(k) = k**3 + 14*k**2 + k + 12. Let s be v(-14). Let g be (1 + s)/(11/22). Let c(n) = 4*n**2 - 2*n - 3. List the prime factors of c(g).
17
Let x(z) = 8*z**2 - 7*z - 41. Let t be x(-10). Let u = -394 + t. What are the prime factors of u?
3, 5, 29
Let x = 26 + -22. Suppose -x*m = -0 - 12. What are the prime factors of -9*((-5)/((-15)/(-6)) - m)?
3, 5
Let z = 16131 - 9294. List the prime factors of z.
3, 43, 53
Let v = -143 - -65. Let b = v - -87. Suppose b*f - 2146 + 31 = 0. What are the prime factors of f?
5, 47
Suppose -60*d - 5067 = -63*d. Let r = -328 + d. List the prime factors of r.
1361
Let y(f) = -3 + 21*f + 14*f**2 - 33*f + 16*f. List the prime factors of y(2).
61
Let w = -22349 + 29174. List the prime factors of w.
3, 5, 7, 13
Suppose -376248 = -24*n + 964848. What are the prime factors of n?
17, 19, 173
Let c = -1 - 2. Suppose 2*r = -10, 2*l + 4*r - 69 = -601. Let q = c - l. What are the prime factors of q?
11, 23
Let x(i) = 21*i**2 + 23*i + 347. What are the prime factors of x(-17)?
5, 241
Let s(h) = -2*h + 6. Let z be s(0). Suppose -z*t + 815 = 149. Let a = -14 + t. List the prime factors of a.
97
List the prime factors of (0 - 10676 - (-17)/(-17))*1/(-1).
3, 3559
Suppose -6*r + 0*r + 4*r + 27976 = 0. What are the prime factors of r?
2, 13, 269
Suppose -3*n - 9 = 0, g - 497 = -2*n + 1811. List the prime factors of g.
2, 13, 89
Suppose -22*c + 1379984 + 1166336 = 58*c. List the prime factors of c.
7, 4547
Let y be (10 - 2) + 0 - -3. Suppose y + 6 = 17*x. List the prime factors of (x/5)/1 - 7584/(-80).
5, 19
Suppose 2371*w = 2358*w + 111579. List the prime factors of w.
3, 2861
Let l(m) = -545*m - 410. What are the prime factors of l(-17)?
5, 7, 11, 23
Let g(j) = j**3 + 2483. Let z be g(0). Suppose 0 = -3*n - 2*k + z, 9*n + 4*k - 1642 = 7*n. What are the prime factors of n?
3, 277
Let x be (213/(-142))/((-3)/94). Suppose x*j - 9657 = 10*j. What are the prime factors of j?
3, 29
Suppose -4 = -v, 557*l - 554*l - 14420 = -5*v. List the prime factors of l.
2, 3, 5
Let w = 2323 + -7895. List the prime factors of (49/98)/((-2)/w).
7, 199
Let r(f) be the third derivative of -1/2*f**3 + 1/8*f**4 + 0*f + 11*f**2 + 0. What are the prime factors of r(5)?
2, 3
Suppose 0*i + 2*i + 4*g - 16 = 0, -3*i + 34 = 4*g. Let d be 12/10*30/i. Suppose -d*r = -0*r - 58. What are the prime factors of r?
29
Suppose 0 = 2*p + 3*j - 21077, 9167 + 1373 = p + 2*j. List the prime factors of p.
2, 23, 229
Suppose -49*g + 70884 = 17*g + 33*g. List the prime factors of g.
2, 179
Let k = 2423 - -31577. List the prime factors of k.
2, 5, 17
Suppose -1427 = -k - r, -4*k + 3530 + 2192 = -3*r. Suppose 4*m + 5183 = 5*u, -k - 2713 = -4*u + m. What are the prime factors of u?
3, 5, 23
Let k(f) be the third derivative of f**7/630 + 7*f**6/180 - 2*f**5/15 - 26*f**2. Let a(d) be the third derivative of k(d). What are the prime factors of a(12)?
2, 31
Suppose 0 = -2*t + 4*f + 1648, f = -9*t + 6*t + 2493. Suppose 0 = -d + 2*m - 7*m + t, 3304 = 4*d + 4*m. List the prime factors of d.
3, 5, 11
Suppose 9*u = -8*u - 1326. Let w = u - -306. What are the prime factors of w?
2, 3, 19
Let y(x) = 67*x + 651. What are the prime factors of y(36)?
3, 1021
Suppose -50*t + 45*t = -45. Let p(f) = 21*f + 65. List the prime factors of p(t).
2, 127
Let f(x) = -12655*x - 994. List the prime factors of f(-1).
3, 13, 23
Let j(u) = -u**2 + 10*u + 13. Let i be ((-8)/(-16))/(1/22). Let l be j(i). Let o(z) = 23*z - 2. What are the prime factors of o(l)?
2, 11
Suppose -153 = -0*k - 2*k + 3*t, 3*k - 3*t = 231. What are the prime factors of (-7)/(-2)*(-10)/(-7) + k?
83
Let p(s) = -15*s - 8*s - 25 + 2*s**2 + 0*s**2 - 3*s**2. Let k be p(-18). What are the prime factors of 7436/k + 6/10?
5, 23
Let h = 3 + -4. Let d = 290 + -267. Let o = d + h. List the prime factors of o.
2, 11
Let n = 14379 + -8206. List the prime factors of n.
6173
Let r = -10897 - -15783. What are the prime factors of r?
2, 7, 349
Suppose 1014*g - 1009*g - 24265 = 0. List the prime factors of g.
23, 211
What are the prime factors of 53/(57/2394*(-2)/(-5))?
3, 5, 7, 53
Suppose -56*r + 83655 = -53*r + p, -3*p = 5*r - 139429. List the prime factors of r.
2, 6971
Suppose 5*v + 30*s - 35*s = 4425, 3555 = 4*v + s. Let h = v + -569. List the prime factors of h.
11, 29
Let m(t) = 10 - 6*t**3 + 4*t**2 - 13 - 7*t - 5*t**2 + 7*t**3. What are the prime factors of m(9)?
2, 3, 97
Let g = -1486 + 20279. What are the prime factors of g?
18793
Suppose 2*u + 5*t - 256 = 0, -2*u + 5*t + 434 = u. Let c = u + -94. Let l = 86 + c. What are the prime factors of l?
2, 5, 13
Let x = -150 - -361. Let c = x + 46. List the prime factors of c.
257
Let l = 34 - 30. Suppose -4*h + 4*i = -60, -i - 31 = -3*h + l. List the prime factors of (-52 - 3)*(-18)/h.
3, 11
Let f be (705/(-10) - -1)*(-2 - 0). Let c = f - 57. Let p = c - 58. List the prime factors of p.
2, 3
Suppose 76*a - 299013 = 9*a + 34*a. What are the prime factors of a?
13, 17, 41
Let b be 2/14 - 18044/(-14). Let g = b + -828. List the prime factors of g.
461
Let g(a) = -31*a**3 - 3*a**2 - 4*a + 3. Let u(h) = -123*h**3 - 16*h**2 - 17*h + 13. Let f(r) = -9*g(r) + 2*u(r). List the prime factors of f(3).
23, 37
Let p = 96 - 95. What are the prime factors of 3/(-12)*p + 834/8?
2, 13
Let c(k) = 16*k - 124. Let u be c(8). Suppose 5*z - 277 = -m, 6*m = -3*z + u*m + 169. List the prime factors of z.
5, 11
Let d(m) = 37*m + 2. Let r be d(3). Suppose 0 = 4*k + 2*c + r + 199, c = 4. Let o = k - -191. What are the prime factors of o?
3, 37
Let z = 16 - 25. Let g = z - 52. Let k = g - -64. What are the prime factors of k?
3
Suppose 934980 = 1238*p - 1218*p. List the prime factors of p.
3, 15583
Suppose -20483 = -3*l - 17*z + 19*z, 5*z - 10 = 0. List the prime factors of l.
6829
Suppose f - 4*s - 9 = 0, -3*s = -6*f + 2*f + 10. List the prime factors of -2 + f/(-4) + 2306/8.
2, 11, 13
Suppose 0 = -5*h + 9 + 1. Suppose h*p + 6 = 18. List the prime factors of p.
2, 3
Suppose 0 = 2*j - 4*z + 382, -z - 966 = 5*j - 0*z. Let s = j + 281. What are the prime factors of s?
2, 11
Let u = 65098 - 43462. What are the prime factors of u?
2, 3, 601
Let k(b) = -b**3 + 29*b**2 + 60*b - 6. Let p be k(27). Suppose 23*l = 18919 - p. What are the prime factors of l?
13, 53
Let l(s) = 155*s**2 - 76*s - 376. List the prime factors of l(-5).
3, 431
Let m(w) = 24*w**2 + 80*w + 2058. What are the prime factors of m(-24)?
2, 3, 13, 179
Suppose i = 4*i + 3*f - 189, 3*i - 194 = -4*f. Suppose -i = -4*z + 2*z. Suppose z = -6*m + 239. What are the prime factors of m?
5, 7
Let n(r) = -3*r**3 - 3*r**2 + 3*r - 1. Let f be n(-2). Let a = -3 + f. What are the prime factors of (a - 7)/((-2)/34)?
5, 17
Let q(u) = 22*u - 26*u**2 + 10*u**2 - u**2 - 18 + u**3 + 0*u**3. Let i be q(14). Let a = -195 - i. What are the prime factors of a?
103
Let z be (-27)/(-2) + 129/(-86). What are the prime factors of 3/((0 + -2)*z/(-1048))?
131
Suppose -q - 1198 = 4*i - 5*i, -3*i + 2*q = -3599. What are the prime factors of i?
3, 401
Let s = 403 - -203. Let w = s + -444. List the prime factors of w.
2, 3
Let w(v) = -3*v**2 + 4*v + 5. Let u be w(5). Let a be (-10 + 9)/(1/15). Let f = a - u. List the prime factors of f.
5, 7
Suppose -4*p = 8, 2*t + 2*t - 2 = 3*p. Let h be (-3)/6*t*4. Suppose -180 = -y - 3*y + h*u, -y + u = -43. List the prime factors of y.
47
What are the prime factors of (8/(-24)*6*3)/((-3)/5351)?
2, 5351
Let i be -2*1/((-12)/(-6)) + 118. Suppose 116*j = i*j - 615. List the prime factors of j.
3, 5, 41
Suppose 0 = 3*s + 2*a + 2, -2*s - 2 = 2*a - 0. Suppose 25*k - 22*k = s. Suppose -5*g + 2*f = -82 - 102, k = 3*g + 2*f - 104. List the prime factors of g.
2, 3
Let d be (0 + (3 - 6))*-1. Suppose -7*m = -2*m + 20, -d*m = 4*n - 24. Let h(z) = 17*z - 33. What are the prime factors of h(n)?
2, 3, 5
Let q(s) be the second derivative of s**4/4 + s**3/6 + s**2/2 + s. Let d be q(-2). Suppose d*v = 14*v - 333. List the prime factors of v.
3, 37
Let s = 1463 - 1461. Let k(m) = -4*m**3 - m**2 - m. Let x be k(-1). Suppose i = -3*y + s*i + 3, -y - x*i + 14 = 0. What are the prime factors of y?
2
Suppose 3 = 3*y, 0 = 145*f - 146*f + 4*y + 5298. List the prime factors of f.
2, 11, 241
Let d(p) = -856*p - 1. Let l be d(-1). Let c = l + -460. What are the prime factors o